 + 5, 0 = -2*o - 2*y - h + 43. List the prime factors of o.
5
Let s(l) = l**3 - 5*l**2 + l - 3. Let i be s(5). Suppose -90 = -5*r - 2*a - 3*a, -i*r + a + 39 = 0. What are the prime factors of r?
19
Suppose t = 5*t - 2*o + 18, 5*o = -2*t + 9. List the prime factors of t/15 - 22/(-10).
2
Let o = 65 - -100. What are the prime factors of o?
3, 5, 11
Let h(z) = z**2 + 7*z + 9. Let r = 2 + -7. Let b be 5/r + (1 - 7). List the prime factors of h(b).
3
Let b = -82 + 311. What are the prime factors of b?
229
Suppose 7*p = 4*p + 6. Suppose -p*o + 7*o = 60. Suppose o = 2*n - 6. List the prime factors of n.
3
Suppose 0*h - 40 = -5*h. List the prime factors of h.
2
Suppose -2*z = -3*h + 324, h - 4*z - 84 = 14. Suppose 5*v - h = 75. List the prime factors of v.
37
Let x = 463 - 305. What are the prime factors of x?
2, 79
Let x = 3 - 5. Suppose 0 = -3*s - 3*l + 33, 5*l + 40 = 4*s + 14. What are the prime factors of x/4 - s/(-2)?
2
Let q(b) = -3 + 12 + b**2 + 10*b + b. List the prime factors of q(-12).
3, 7
Suppose -s = -3*f + 47, 3*s = -2*f - 3*f + 83. Suppose 4*y - 68 + f = 0. List the prime factors of y.
13
Let q = 517 + -304. List the prime factors of q.
3, 71
What are the prime factors of (-6)/(-2 + (-64)/(-33))?
3, 11
Let j(h) = -12*h + 17. List the prime factors of j(-4).
5, 13
Suppose 4 = -2*a + 54. Suppose -2*c - 4*z - 2 = -12, -c = -2*z - a. Suppose 0 = -4*k - k + c. What are the prime factors of k?
3
List the prime factors of ((-12)/10)/(3 + (-423)/140).
2, 7
Let x(y) = y**3 + 5*y**2 - 2*y - 6. Let q be x(-5). Suppose -b + q*r - r + 18 = 0, b - 2*r - 14 = 0. Let g = b + 1. What are the prime factors of g?
7
Let o = -22 + 51. List the prime factors of o.
29
Let i(a) = -a**3 + 6*a**2. Let t be (2/1)/1 + 4. Let p be i(t). Suppose p = -5*n + 40 + 15. List the prime factors of n.
11
Let m(k) = -2*k - 3. Let g be m(-6). Let u = 19 - g. List the prime factors of u.
2, 5
Suppose -u - w = -240, 0*u = -3*u - 4*w + 720. List the prime factors of u.
2, 3, 5
Suppose 14 - 5 = 3*j. Suppose -s = j*s - 20. Suppose 3*h + 4*m = 40, -h = -s*h + 4*m + 44. What are the prime factors of h?
2, 3
Suppose 0 = 5*m - m - 168. List the prime factors of m.
2, 3, 7
Let o(k) = k**2 - 2*k - 1. Let j be o(2). Let v = 8 - j. Let t = v - 7. What are the prime factors of t?
2
Let g(z) = z**3 - 3*z**2 - z + 1. Let u be g(3). Let s be u + 21 + -1*2. Suppose -5*y + 3 = -s. List the prime factors of y.
2
Let n(v) = v**2 - 7*v + 4. Let q be n(7). Let j be (q/5)/((-4)/20). What are the prime factors of -22*2/j + -2?
3
Suppose -2*m + 145 = 17. What are the prime factors of m?
2
Let c(w) = w**2 + 11*w - 4. Let a = -7 + 6. Let o be (-2)/a + 14*-1. What are the prime factors of c(o)?
2
Let n be 0 - (4 + 3) - -1. List the prime factors of (-9)/n*(-4)/(-3).
2
Suppose 2 = -c + 13. Let h = c - -1. Let n = 23 - h. List the prime factors of n.
11
Let d = -3 - -7. List the prime factors of d.
2
Let t(i) = i**3 + 12*i**2 + 2*i - 21. What are the prime factors of t(-10)?
3, 53
Suppose 2*v + 5*z = 19, -3*z = -4*v - v + 1. Suppose -4*j + v*o = -104, 0 = -j - 4*o - o + 26. List the prime factors of j.
2, 13
Suppose -3*k + 4*z = -28, -2*k + 15 = -z + 3. Let c = k - 4. Suppose c = -2*p - p + 66. List the prime factors of p.
2, 11
Let l = 38 - 19. List the prime factors of l.
19
Suppose 8 = -4*i - 0. Let u(l) = 4*l**2 + 3*l. List the prime factors of u(i).
2, 5
Let d(w) = w**3 + 2*w**2 - w. Let o be d(-2). Suppose -3*m - 2*p = -46, 3*p = o*m - 10 - 12. List the prime factors of m.
2, 7
Let h be 1*(3 + 3402)/(-3). Let v be 2/(-5) + h/(-25). Let j = v + -27. List the prime factors of j.
2, 3
Suppose 5*s + 5*x - 355 = 0, 3*s - 2*x - 112 - 91 = 0. What are the prime factors of s?
3, 23
Let j(l) = l**3 - 6*l**2 - 8*l + 17. What are the prime factors of j(7)?
2, 5
Suppose -2*d + 3*a + 11 = 0, 5*d + 3*a + 2*a = -10. Let i(v) = -d + 8*v - 1 - 2 - v**2. What are the prime factors of i(3)?
11
Let k = 89 - 37. List the prime factors of k.
2, 13
Let u(t) = -2*t - 7. Let p(s) = s**3 - 2*s**2 - 4*s + 3. Let b be p(3). Suppose b = n + 9 + 2. List the prime factors of u(n).
3, 5
Let b = 84 + 52. List the prime factors of b.
2, 17
Suppose 4*p + 368 = -4*r, -4*p - 5*r = -0*p + 365. Let y = -60 - p. What are the prime factors of y?
5, 7
Let v(n) be the first derivative of n**2/2 + 7*n + 4. What are the prime factors of v(-3)?
2
Let x(y) = -5*y**3 - 4*y**2 - 3*y - 1. What are the prime factors of x(-2)?
29
Suppose -v + 4*v = 9. List the prime factors of v.
3
Let b = 5 + -17. Let r = b - -26. What are the prime factors of r?
2, 7
What are the prime factors of (-6)/24 - (-181)/4?
3, 5
Suppose 0 = -5*r + r. Suppose 0 = 3*z - k - 3, r = 6*k - 3*k. What are the prime factors of z - (0 - 0) - -10?
11
Let d = 565 - 333. What are the prime factors of d?
2, 29
Let f = -7 - -7. Suppose f = -3*w - 2 + 11. Suppose 35 = -2*b + 4*b + g, 0 = w*b - g - 60. List the prime factors of b.
19
Let y = -34 + 43. What are the prime factors of y?
3
Let b(d) = -d**3 - 3*d**2 + 7*d + 1. List the prime factors of b(-6).
67
Let a(m) = 6*m**2 + 4*m - 31. What are the prime factors of a(7)?
3, 97
Suppose 0*f - 2*f = -44. Suppose -2*p = -0*p - f. List the prime factors of p.
11
Let p = -7 + -6. Let d = p - -24. Let i = d + -2. What are the prime factors of i?
3
Let v(i) = -7*i**3 - i**2 - i + 1. Let x be v(1). Let y = 9 - x. What are the prime factors of y?
17
Suppose k = 3*i - 2*i - 4, 4*i = 2*k. Let s(h) = -h**3 - 7*h**2 + 4*h - 6. What are the prime factors of s(k)?
2, 13
Suppose 0*m = 3*m + n - 5, m = 2*n + 4. Suppose 0 = m*y - 13 - 11. List the prime factors of y.
2, 3
List the prime factors of 65 - (-5)/10*2.
2, 3, 11
Suppose -m + 70 = 4*y - 381, 3*y + 3*m - 345 = 0. What are the prime factors of y?
2, 7
Let q = -1 - -6. Suppose -18 = -q*l + 22. Suppose l + 22 = 5*t. What are the prime factors of t?
2, 3
Suppose -12 + 5 = -m. Let z = m - 10. List the prime factors of 27*z/(-11 - -2).
3
Let h(j) = j**3 + 7*j**2 - 4*j - 17. Let k be h(-7). Suppose -200 = -k*q + 6*q. List the prime factors of q.
2, 5
Suppose -1 = -a, 2*l = -l + 2*a + 418. What are the prime factors of l?
2, 5, 7
Suppose -3*s - 72 = -249. What are the prime factors of s?
59
What are the prime factors of (196/(-8) - 2)*-2?
53
Let g = -7 + 9. Suppose 3*v + 2*b - 11 = 0, 0 = -3*v - g*v + 2*b + 29. List the prime factors of (v + 7)*2/4.
2, 3
Suppose -6*n = -55 - 5. What are the prime factors of n?
2, 5
Let p be (-9)/12 - (-118)/8. Let i = p + 10. What are the prime factors of i?
2, 3
Suppose 4*c = 4*z + 2*c - 542, -5*z - 4*c = -684. What are the prime factors of z?
2, 17
Let x = -79 + 111. What are the prime factors of x?
2
Suppose 2*u - 5*u = -2*i + 19, 3*u = -3. Let o = i + 2. What are the prime factors of o?
2, 5
Let z = -6 - -10. Let k(a) = -3*a**2 + 6*a**2 + a - 2*a**3 - 3*a**3 + z*a**3. List the prime factors of k(3).
3
List the prime factors of 40 + 4 + 0 + -2.
2, 3, 7
Let n(z) = -z**3 - 6*z**2 - 3*z + 2. Let b be n(-5). Let f = b - -26. What are the prime factors of f?
2, 3
Let a(v) = -3*v - 8. List the prime factors of a(-7).
13
Let l(f) = f**2 - 4*f - 12. Let c be l(6). Let j = 47 - c. What are the prime factors of j?
47
Suppose 445 + 1523 = 12*u. List the prime factors of u.
2, 41
Let h(q) = -6*q**3 - 1 + 7*q**3 + 0*q**2 + 4*q**2 + 2*q. List the prime factors of h(-3).
2
Suppose -4*v = -368 + 112. What are the prime factors of v?
2
What are the prime factors of (-7)/(-1) + 24 + -28?
3
Suppose -5*k + 3*q + 194 + 393 = 0, -2*k + 4*q + 232 = 0. List the prime factors of k.
2, 59
Let h be (-3)/3*(-7 + 2). Suppose n - 4*n - 81 = -2*s, -5*n - h = 0. What are the prime factors of s?
3, 13
Let k(s) be the third derivative of s**6/40 - s**5/30 - s**3/2 - 2*s**2. Let z(t) = -t**2 + t - 1. Let a(r) = -k(r) + 2*z(r). List the prime factors of a(-1).
2
Let k(h) = -154*h + 2. Let d be k(2). What are the prime factors of d/(-11) - 2/(-11)?
2, 7
List the prime factors of 3/(-6)*-8 + -7 + 276.
3, 7, 13
Let s(n) = -n**3 - n**2 - 2*n - 5. Let m(d) = d**2 + d. Let k(v) = 6*m(v) - s(v). What are the prime factors of k(-5)?
3, 5
Let g = -7 + 6. Let t = g + 5. Suppose 2*s = -t*c + 16, 4*c - 4 = -0. What are the prime factors of s?
2, 3
Suppose -570 = -6*p + p. List the prime factors of p.
2, 3, 19
Supp